s of 535687.
17, 31511
What are the prime factors of 495760?
2, 5, 6197
List the prime factors of 1247368.
2, 155921
What are the prime factors of 3871265?
5, 587, 1319
List the prime factors of 2300920.
2, 5, 23, 41, 61
List the prime factors of 138427.
138427
What are the prime factors of 736556?
2, 59, 3121
What are the prime factors of 39505428?
2, 3, 365791
What are the prime factors of 234037?
227, 1031
What are the prime factors of 312010?
2, 5, 41, 761
List the prime factors of 6342775.
5, 53, 4787
What are the prime factors of 3322682?
2, 11, 19, 7949
What are the prime factors of 407913?
3, 11, 47, 263
List the prime factors of 402746.
2, 349, 577
What are the prime factors of 697067?
7, 99581
List the prime factors of 42526.
2, 11, 1933
What are the prime factors of 2589327?
3, 13, 2459
List the prime factors of 1946087.
11, 13, 31, 439
List the prime factors of 43665.
3, 5, 41, 71
List the prime factors of 295517.
295517
List the prime factors of 69295.
5, 13859
What are the prime factors of 2745108?
2, 3, 76253
What are the prime factors of 12143598?
2, 3, 569, 3557
What are the prime factors of 2207404?
2, 239, 2309
What are the prime factors of 1233016?
2, 154127
What are the prime factors of 1851327?
3, 205703
List the prime factors of 724518.
2, 3, 13417
List the prime factors of 455690.
2, 5, 45569
What are the prime factors of 4371697?
11, 397427
List the prime factors of 10685560.
2, 5, 267139
What are the prime factors of 17312884?
2, 29, 149249
List the prime factors of 105396.
2, 3, 8783
List the prime factors of 93525.
3, 5, 29, 43
List the prime factors of 344601.
3, 12763
List the prime factors of 1020209.
67, 15227
What are the prime factors of 3424868?
2, 37, 73, 317
What are the prime factors of 766637?
766637
List the prime factors of 526350.
2, 3, 5, 11, 29
List the prime factors of 2602341.
3, 7, 281
What are the prime factors of 2438981?
149, 16369
What are the prime factors of 3138233?
7, 151, 2969
What are the prime factors of 7422421?
17, 73, 5981
List the prime factors of 3057578.
2, 1528789
What are the prime factors of 5910365?
5, 1182073
List the prime factors of 264679.
61, 4339
List the prime factors of 1065982.
2, 29, 18379
What are the prime factors of 1563140?
2, 5, 78157
What are the prime factors of 9286801?
19, 488779
List the prime factors of 11415007.
17, 671471
List the prime factors of 11216555.
5, 7, 19, 101, 167
What are the prime factors of 3061545?
3, 5, 53, 3851
List the prime factors of 1015471.
1015471
List the prime factors of 16104513.
3, 41, 311, 421
What are the prime factors of 2218149?
3, 193, 1277
List the prime factors of 545856.
2, 3, 2843
What are the prime factors of 10896?
2, 3, 227
List the prime factors of 522468.
2, 3, 23, 631
What are the prime factors of 3289061?
41, 80221
List the prime factors of 260735.
5, 52147
What are the prime factors of 169179?
3, 56393
What are the prime factors of 1615934?
2, 23, 35129
List the prime factors of 70416.
2, 3, 163
What are the prime factors of 1713287?
19, 90173
What are the prime factors of 15828153?
3, 11, 293, 1637
List the prime factors of 3043500.
2, 3, 5, 2029
List the prime factors of 3189553.
3189553
What are the prime factors of 39112909?
11, 29, 122611
What are the prime factors of 5670680?
2, 5, 141767
What are the prime factors of 664158?
2, 3, 11, 29, 347
What are the prime factors of 1381682?
2, 690841
What are the prime factors of 9225810?
2, 3, 5, 11, 9319
What are the prime factors of 13022424?
2, 3, 60289
List the prime factors of 878746.
2, 11, 59, 677
What are the prime factors of 2481489?
3, 73, 1259
List the prime factors of 8659976.
2, 13, 83269
List the prime factors of 754870.
2, 5, 19, 29, 137
What are the prime factors of 7563547?
131, 57737
What are the prime factors of 263271?
3, 127, 691
What are the prime factors of 94349?
94349
List the prime factors of 7162031.
19, 376949
What are the prime factors of 18246806?
2, 9123403
What are the prime factors of 54828?
2, 3, 1523
List the prime factors of 8958.
2, 3, 1493
List the prime factors of 1394908.
2, 241, 1447
List the prime factors of 747946.
2, 367, 1019
List the prime factors of 168898.
2, 84449
What are the prime factors of 1397249?
7, 29, 6883
List the prime factors of 2414886.
2, 3, 277, 1453
What are the prime factors of 3406243?
79, 43117
List the prime factors of 7235431.
7, 31, 33343
List the prime factors of 569034.
2, 3, 101, 313
What are the prime factors of 673065?
3, 5, 14957
List the prime factors of 18699733.
13, 61, 23581
What are the prime factors of 33771?
3, 11257
What are the prime factors of 2076098?
2, 137, 7577
What are the prime factors of 2537225?
5, 101489
List the prime factors of 219768.
2, 3, 9157
List the prime factors of 9388316.
2, 7, 59, 5683
What are the prime factors of 1585312?
2, 107, 463
List the prime factors of 245933.
331, 743
List the prime factors of 124947.
3, 13883
List the prime factors of 2384851.
7, 340693
What are the prime factors of 353488?
2, 22093
What are the prime factors of 4827393?
3, 536377
What are the prime factors of 267769?
37, 7237
List the prime factors of 674074.
2, 47, 71, 101
List the prime factors of 262947.
3, 87649
What are the prime factors of 43844?
2, 97, 113
List the prime factors of 5595867.
3, 47, 13229
What are the prime factors of 1978437?
3, 23, 53, 541
What are the prime factors of 1920495?
3, 5, 128033
List the prime factors of 3140891.
13, 359, 673
What are the prime factors of 21451?
19, 1129
What are the prime factors of 3274390?
2, 5, 7, 29, 1613
What are the prime factors of 1904854?
2, 7, 359, 379
What are the prime factors of 4550340?
2, 3, 5, 181, 419
What are the prime factors of 372941?
372941
What are the prime factors of 971804?
2, 127, 1913
List the prime factors of 545833.
41, 13313
What are the prime factors of 2743665?
3, 5, 101, 1811
What are the prime factors of 3220334?
2, 13, 29, 4271
What are the prime factors of 10939?
10939
List the prime factors of 30356203.
17, 191, 9349
List the prime factors of 3913204.
2, 41, 107, 223
List the prime factors of 14469929.
14469929
What are the prime factors of 1394733?
3, 19, 24469
What are the prime factors of 378438?
2, 3, 63073
List the prime factors of 17609531.
331, 53201
List the prime factors of 109386.
2, 3, 59, 103
What are the prime factors of 19305075?
3, 5, 257401
What are the prime factors of 233816?
2, 11, 2657
What are the prime factors of 7817991?
3, 541, 4817
List the prime factors of 1885094.
2, 389, 2423
What are the prime factors of 12542966?
2, 41, 151, 1013
What are the prime factors of 10583908?
2, 2645977
What are the prime factors of 9871871?
167, 59113
What are the prime factors of 126061?
13, 9697
List the prime factors of 8497633.
2663, 3191
What are the prime factors of 179287?
179287
What are the prime factors of 593949?
3, 29, 6827
What are the prime factors of 3012061?
13, 223, 1039
List the prime factors of 2753606.
2, 23, 31, 1931
What are the prime factors of 1084149?
3, 11, 47, 233
What are the prime factors of 37657?
37657
What are the prime factors of 13932346?
2, 6966173
What are the prime factors of 238003?
29, 283
What are the prime factors of 5298183?
3, 11, 17839
List the prime factors of 610433.
79, 7727
What are the prime factors of 1529981?
97, 15773
What are the prime factors of 70548?
2, 3, 5879
List the prime factors of 2739107.
7, 391301
List the prime factors of 66165.
3, 5, 11, 401
What are the prime factors of 495145?
5, 7, 43, 47
What are the prime factors of 95113?
227, 419
What are the prime factors of 5544796?
2, 1386199
List the prime factors of 1242036.
2, 3, 34501
List the prime factors of 13473423.
3, 23, 65089
List the prime factors of 2054665.
5, 83, 4951
What are the prime factors of 254359?
7, 29, 179
What are the prime factors of 182714?
2, 7, 31, 421
List the prime factors of 19608697.
2539, 7723
What are the prime factors of 820697?
37, 41, 541
List the prime factors of 2852250.
2, 3, 5, 3803
List the prime factors of 2943413.
11, 29, 9227
List the prime factors of 309284.
2, 167, 463
List the prime factors of 20887236.
2, 3, 580201
List the prime factors of 292399.
23, 12713
List the prime factors of 4739117.
4739117
What are the prime